rime factors of 1054172.
2, 7, 37649
List the prime factors of 390495.
3, 5, 7, 3719
What are the prime factors of 124963?
19, 6577
List the prime factors of 12014167.
11, 83, 13159
What are the prime factors of 346066?
2, 7, 19, 1301
What are the prime factors of 5608735?
5, 11, 101977
List the prime factors of 2624112.
2, 3, 18223
What are the prime factors of 430306?
2, 215153
What are the prime factors of 9974787?
3, 3324929
List the prime factors of 15765444.
2, 3, 29, 15101
What are the prime factors of 3180886?
2, 523, 3041
List the prime factors of 108404.
2, 41, 661
List the prime factors of 23027579.
37, 622367
What are the prime factors of 11768339?
11, 97259
List the prime factors of 12920370.
2, 3, 5, 29, 14851
What are the prime factors of 2556755?
5, 511351
List the prime factors of 246425.
5, 9857
What are the prime factors of 8219748?
2, 3, 251, 2729
List the prime factors of 886652.
2, 13, 17, 59
List the prime factors of 486070.
2, 5, 13, 3739
List the prime factors of 2450590.
2, 5, 269, 911
List the prime factors of 5643021.
3, 151, 12457
What are the prime factors of 591190?
2, 5, 59119
List the prime factors of 1085693.
7, 22157
What are the prime factors of 738511?
19, 47, 827
What are the prime factors of 205262?
2, 29, 3539
What are the prime factors of 595386?
2, 3, 11, 31, 97
List the prime factors of 86741.
127, 683
What are the prime factors of 2421365?
5, 163, 2971
What are the prime factors of 5590169?
13, 430013
What are the prime factors of 4495656?
2, 3, 11, 17029
What are the prime factors of 1007343?
3, 37309
What are the prime factors of 1785889?
7, 255127
What are the prime factors of 548723?
7, 43, 1823
What are the prime factors of 6718493?
6718493
What are the prime factors of 214766?
2, 73, 1471
What are the prime factors of 2971?
2971
What are the prime factors of 1371090?
2, 3, 5, 7, 6529
List the prime factors of 273803.
273803
What are the prime factors of 4438608?
2, 3, 89, 1039
List the prime factors of 842446.
2, 11, 149, 257
What are the prime factors of 206397?
3, 17, 19, 71
List the prime factors of 2279416.
2, 284927
What are the prime factors of 228536?
2, 7, 11, 53
List the prime factors of 167782.
2, 83891
What are the prime factors of 8033587?
8033587
List the prime factors of 5294355.
3, 5, 11, 2917
What are the prime factors of 147015?
3, 5, 11
What are the prime factors of 502471?
479, 1049
What are the prime factors of 9566646?
2, 3, 37, 43093
List the prime factors of 1281531.
3, 19, 22483
What are the prime factors of 1210041?
3, 7, 19207
What are the prime factors of 802431?
3, 7, 47, 271
What are the prime factors of 14052537?
3, 1561393
What are the prime factors of 541121?
7, 23, 3361
List the prime factors of 13501121.
3191, 4231
What are the prime factors of 323859?
3, 41, 2633
What are the prime factors of 146754?
2, 3, 31, 263
List the prime factors of 7095094.
2, 19, 31, 317
What are the prime factors of 2078019?
3, 230891
What are the prime factors of 464702?
2, 7, 19, 1747
List the prime factors of 1975297.
19, 103963
List the prime factors of 161646.
2, 3, 29, 929
What are the prime factors of 573886?
2, 17, 16879
What are the prime factors of 4860155?
5, 972031
What are the prime factors of 384411?
3, 97, 1321
List the prime factors of 4221867.
3, 13, 103, 1051
List the prime factors of 4579564.
2, 11, 29, 37, 97
What are the prime factors of 182912?
2, 1429
What are the prime factors of 1036783?
11, 94253
What are the prime factors of 8050288?
2, 43, 11701
What are the prime factors of 5476886?
2, 479, 5717
What are the prime factors of 343024?
2, 11, 1949
What are the prime factors of 19536937?
7, 79, 103
What are the prime factors of 3220917?
3, 7, 21911
What are the prime factors of 2218790?
2, 5, 7, 29, 1093
List the prime factors of 515411.
13, 41, 967
List the prime factors of 3343159.
379, 8821
What are the prime factors of 134622?
2, 3, 277
What are the prime factors of 546914?
2, 273457
What are the prime factors of 34386?
2, 3, 11, 521
List the prime factors of 300579.
3, 100193
List the prime factors of 1133188.
2, 7, 40471
List the prime factors of 44314.
2, 22157
List the prime factors of 3076047.
3, 13, 61, 431
List the prime factors of 4144022.
2, 17, 121883
What are the prime factors of 662136?
2, 3, 47, 587
What are the prime factors of 124126?
2, 53, 1171
What are the prime factors of 539157?
3, 179719
What are the prime factors of 4126760?
2, 5, 11, 83, 113
What are the prime factors of 5137467?
3, 19, 193, 467
List the prime factors of 3273255.
3, 5, 72739
List the prime factors of 6580776.
2, 3, 274199
List the prime factors of 330742.
2, 61, 2711
List the prime factors of 8522575.
5, 340903
What are the prime factors of 440104?
2, 7, 29, 271
What are the prime factors of 3709640?
2, 5, 11, 8431
What are the prime factors of 359174?
2, 47, 3821
List the prime factors of 2511874.
2, 307, 4091
List the prime factors of 567422.
2, 61, 4651
What are the prime factors of 1934138?
2, 37, 59, 443
What are the prime factors of 2545959?
3, 13, 97, 673
List the prime factors of 6338863.
359, 17657
List the prime factors of 765686.
2, 382843
What are the prime factors of 126474?
2, 3, 107, 197
List the prime factors of 464728.
2, 11, 5281
List the prime factors of 973163.
73, 13331
What are the prime factors of 951317?
317, 3001
What are the prime factors of 1109864?
2, 7, 19819
What are the prime factors of 425701?
425701
List the prime factors of 6707030.
2, 5, 11, 23, 241
List the prime factors of 9682088.
2, 13, 93097
List the prime factors of 62090.
2, 5, 7, 887
What are the prime factors of 4639743?
3, 19, 43, 631
List the prime factors of 674691.
3, 224897
What are the prime factors of 6354609?
3, 233, 9091
What are the prime factors of 258748?
2, 7, 9241
What are the prime factors of 7944664?
2, 7, 13, 1559
What are the prime factors of 1288792?
2, 71, 2269
List the prime factors of 2517023.
53, 47491
What are the prime factors of 558678?
2, 3, 93113
What are the prime factors of 37575689?
31, 1212119
What are the prime factors of 133793?
11, 12163
What are the prime factors of 381622?
2, 190811
What are the prime factors of 664281?
3, 59, 139
What are the prime factors of 92487?
3, 30829
What are the prime factors of 23194348?
2, 271, 21397
What are the prime factors of 128013?
3, 71, 601
List the prime factors of 721228.
2, 180307
What are the prime factors of 128689?
11, 11699
List the prime factors of 7653193.
7653193
List the prime factors of 329298.
2, 3, 71, 773
List the prime factors of 621238.
2, 29, 10711
List the prime factors of 214252.
2, 29, 1847
List the prime factors of 71515.
5, 14303
What are the prime factors of 2439116?
2, 609779
List the prime factors of 342464.
2, 5351
What are the prime factors of 826024?
2, 79, 1307
What are the prime factors of 9589572?
2, 3, 41, 73, 89
List the prime factors of 197205.
3, 5, 13147
List the prime factors of 1043350.
2, 5, 7, 11, 271
What are the prime factors of 164746?
2, 82373
List the prime factors of 223228.
2, 55807
What are the prime factors of 2828496?
2, 3, 11, 487
List the prime factors of 233964.
2, 3, 67, 97
What are the prime factors of 1594669?
1594669
List the prime factors of 13504410.
2, 3, 5, 181, 829
What are the prime factors of 1475818?
2, 23, 32083
What are the prime factors of 61328?
2, 3833
What are the prime factors of 7698954?
2, 3, 1283159
List the prime factors of 755951.
7, 79, 1367
What are the prime factors of 150078?
2, 3, 25013
What are the prime factors of 1186592?
2, 11, 3371
List the prime factors of 995819.
11, 90529
List the prime factors of 13469408.
2, 420919
What are the prime factors of 4998868?
2, 7, 178531
List the prime factors of 2943111.
3, 981037
What are the prime factors of 460785?
3, 5, 13, 17, 139
What are the prime factors of 68823?
3, 2549
What are the prime factors of 22607?
13, 37, 47
List the prime factors of 376038.
2, 3, 13, 1607
List the prime factors of 1758628.
2, 139, 3163
What are the prime factors of 6245366?
2, 41, 76163
List the prime factors of 1316197.
61, 21577
What are the prime factors of 6165095?
5, 1233019
List the prime factors of 568590.
2, 3, 5, 11, 1723
List the prime factors of 376141.
47, 53, 151
What are the